{"id":10,"date":"2020-03-23T19:39:27","date_gmt":"2020-03-23T18:39:27","guid":{"rendered":"http:\/\/monestrol.fr\/?page_id=10"},"modified":"2022-04-07T09:20:16","modified_gmt":"2022-04-07T07:20:16","slug":"blog","status":"publish","type":"page","link":"http:\/\/monestrol.fr\/?page_id=10","title":{"rendered":"A venir"},"content":{"rendered":"\n<p>Vous trouverez ici tous les \u00e9v\u00e8nements \u00e0 venir sur la commune de Monestrol. <\/p>\n\n\n\n<div class=\"wplp_outside wplp_widget_279\" style=\"max-width:100%;\"><span class=\"wpcu_block_title\">A venir sur Monestrol<\/span><div id=\"wplp_widget_279\" class=\"wplp_widget_default wplp_container vertical defaultflexslide default cols1\" data-post=\"279\" style=\"\" data-max-elts=\"100\"><ul class=\"wplp_listposts defaultflexslide\" id=\"default_279\" style=\"width: 100%;\" ><li class=\"parent \" style=\"\"><div class=\"insideframe\"><ul style=\"\"><li class=\"\" style=\"width:100%;box-sizing: border-box;-moz-box-sizing: border-box;\"><div class=\"insideframe\"><div id=\"wplp_box_top_279_354\" class=\"wpcu-front-box top \" ><a href=\"http:\/\/monestrol.fr\/?p=354\" ><\/a><\/div><div id=\"wplp_box_left_279_354\" class=\"wpcu-front-box left wpcu-custom-position\" style=\"width: 70%\"><a href=\"http:\/\/monestrol.fr\/?p=354\" ><span class=\"title\">Covid19 : &#8220;Le gang des masques&#8221; a encore frapp\u00e9&#8230; \u00e0 vos portes !<\/span><span class=\"date\">1 June 2020<\/span><span class=\"category\">\u00c9v\u00e9nements<\/span><span class=\"text\"><span style=\"max-height:2.8em\" class=\"line_limit\">&#8220;Le gang des masques&#8221; a frapp\u00e9 \u00e0 vos portes samedi afin de vous distribuer des protections faciales en cette p\u00e9riode de Covid19. \n\n\n\n\n\n\n\nCes masques lavables et donc r\u00e9utilisables vous permettront de vous prot\u00e9ger, vous ainsi que les autres, en cette p\u00e9riode d&#8217;\u00e9pid\u00e9mie et de d\u00e9-confinement. \n\n\n\nNous sommes heureux de pouvoir, comme partout en France, proposer \u00e0 nos concitoyens une aide gratuite et utile \u00e0 travers ces masques lavables. Nous tenons \u00e0 remercier le conseil municipal pr\u00e9c\u00e9dent ainsi que le Conseil D\u00e9partemental 31 pour l&#8217;approvisionnement. Guilhem RIAL &#8211; Maire de Monestrol\n\n\n\nAu del\u00e0 du Covid19, le masque peut aider \u00e0 contenir la diffusion de maladies comme la grippe saisonni\u00e8re lorsque vous \u00eates contagieux. Peut-\u00eatre devrions nous conserver ce r\u00e9flexe \u00e0 l&#8217;avenir, lorsque nous nous penserons contagieux ?...<\/span><\/span><span class=\"custom_fields\">\n<!-- WPLP Unknown field: Custom_Fields -->\n<\/span><\/a><\/div><div id=\"wplp_box_right_279_354\" class=\"wpcu-front-box right wpcu-custom-position\" style=\"width: 30%\"><a href=\"http:\/\/monestrol.fr\/?p=354\" ><span class=\"thumbnail\"><span class=\"img_cropper\" style=\"height:150px;margin-right:4px;margin-bottom:4px;max-width:100%;\"><img src=\"http:\/\/monestrol.fr\/wp-content\/uploads\/2020\/06\/thumbnail_3f175192-12b8-4f0e-88a6-2d32b896ff53-300x300.jpg\" style=\"\" srcset=\"\" alt=\"Covid19 : &#8220;Le gang des masques&#8221; a encore frapp\u00e9&#8230; \u00e0 vos portes !\" class=\"wplp_thumb\" \/><\/span><\/span><\/a><\/div><div id=\"wplp_box_bottom_279_354\" class=\"wpcu-front-box bottom \" ><a href=\"http:\/\/monestrol.fr\/?p=354\" ><\/a><\/div><\/div><\/li><\/ul><\/div><\/li><\/ul><\/div><\/div>\n","protected":false},"excerpt":{"rendered":"<p>Vous trouverez ici tous les \u00e9v\u00e8nements \u00e0 venir sur la commune de Monestrol.<\/p>\n","protected":false},"author":1,"featured_media":143,"parent":92,"menu_order":0,"comment_status":"closed","ping_status":"closed","template":"","meta":[],"_links":{"self":[{"href":"http:\/\/monestrol.fr\/index.php?rest_route=\/wp\/v2\/pages\/10"}],"collection":[{"href":"http:\/\/monestrol.fr\/index.php?rest_route=\/wp\/v2\/pages"}],"about":[{"href":"http:\/\/monestrol.fr\/index.php?rest_route=\/wp\/v2\/types\/page"}],"author":[{"embeddable":true,"href":"http:\/\/monestrol.fr\/index.php?rest_route=\/wp\/v2\/users\/1"}],"replies":[{"embeddable":true,"href":"http:\/\/monestrol.fr\/index.php?rest_route=%2Fwp%2Fv2%2Fcomments&post=10"}],"version-history":[{"count":17,"href":"http:\/\/monestrol.fr\/index.php?rest_route=\/wp\/v2\/pages\/10\/revisions"}],"predecessor-version":[{"id":558,"href":"http:\/\/monestrol.fr\/index.php?rest_route=\/wp\/v2\/pages\/10\/revisions\/558"}],"up":[{"embeddable":true,"href":"http:\/\/monestrol.fr\/index.php?rest_route=\/wp\/v2\/pages\/92"}],"wp:featuredmedia":[{"embeddable":true,"href":"http:\/\/monestrol.fr\/index.php?rest_route=\/wp\/v2\/media\/143"}],"wp:attachment":[{"href":"http:\/\/monestrol.fr\/index.php?rest_route=%2Fwp%2Fv2%2Fmedia&parent=10"}],"curies":[{"name":"wp","href":"https:\/\/api.w.org\/{rel}","templated":true}]}}